What is the remainder when 4585 is divided by 241?
6
Calculate the remainder when 4706 is divided by 4691.
15
What is the remainder when 63980 is divided by 68?
60
Calculate the remainder when 31716 is divided by 80.
36
What is the remainder when 8205 is divided by 35?
15
Calculate the remainder when 403 is divided by 214.
189
What is the remainder when 6907 is divided by 12?
7
Calculate the remainder when 15624 is divided by 5167.
123
Calculate the remainder when 80162 is divided by 1382.
6
What is the remainder when 13439 is divided by 143?
140
What is the remainder when 2889 is divided by 24?
9
What is the remainder when 3718 is divided by 385?
253
Calculate the remainder when 38573 is divided by 16.
13
Calculate the remainder when 13548 is divided by 10.
8
Calculate the remainder when 2234 is divided by 580.
494
What is the remainder when 41697 is divided by 550?
447
Calculate the remainder when 5567 is divided by 805.
737
What is the remainder when 125572 is divided by 7384?
44
What is the remainder when 964036 is divided by 1301?
1296
Calculate the remainder when 976 is divided by 241.
12
Calculate the remainder when 741203 is divided by 294.
29
Calculate the remainder when 6414 is divided by 26.
18
Calculate the remainder when 770 is divided by 362.
46
Calculate the remainder when 109057 is divided by 101.
78
What is the remainder when 2589 is divided by 114?
81
What is the remainder when 345108 is divided by 69018?
18
What is the remainder when 2927 is divided by 2920?
7
Calculate the remainder when 19730 is divided by 19715.
15
What is the remainder when 97078 is divided by 48517?
44
What is the remainder when 267 is divided by 212?
55
What is the remainder when 14066 is divided by 7012?
42
Calculate the remainder when 54897 is divided by 30.
27
Calculate the remainder when 1708 is divided by 43.
31
What is the remainder when 479310 is divided by 84?
6
Calculate the remainder when 1612 is divided by 547.
518
Calculate the remainder when 1987 is divided by 15.
7
What is the remainder when 9765 is divided by 264?
261
Calculate the remainder when 140341 is divided by 861.
859
Calculate the remainder when 10388 is divided by 5186.
16
Calculate the remainder when 1264827 is divided by 454.
437
What is the remainder when 91349 is divided by 174?
173
What is the remainder when 8113 is divided by 675?
13
Calculate the remainder when 37922 is divided by 185.
182
Calculate the remainder when 2212 is divided by 226.
178
Calculate the remainder when 7040 is divided by 52.
20
Calculate the remainder when 8215 is divided by 1625.
90
What is the remainder when 6524 is divided by 2055?
359
Calculate the remainder when 29711 is divided by 2285.
6
What is the remainder when 2841 is divided by 203?
202
What is the remainder when 49417 is divided by 323?
321
What is the remainder when 58343 is divided by 26?
25
What is the remainder when 6792 is divided by 668?
112
Calculate the remainder when 30940 is divided by 6035.
765
Calculate the remainder when 132747 is divided by 218.
203
Calculate the remainder when 2649 is divided by 1474.
1175
What is the remainder when 167566 is divided by 4296?
22
What is the remainder when 6880 is divided by 521?
107
What is the remainder when 158503 is divided by 1454?
17
Calculate the remainder when 84966 is divided by 42413.
140
Calculate the remainder when 504983 is divided by 310.
303
What is the remainder when 33099 is divided by 1321?
74
Calculate the remainder when 12942 is divided by 223.
8
What is the remainder when 6129 is divided by 54?
27
What is the remainder when 745553 is divided by 86?
19
What is the remainder when 340568 is divided by 202?
198
What is the remainder when 4080 is divided by 40?
0
Calculate the remainder when 1686 is divided by 90.
66
What is the remainder when 4224 is divided by 1407?
3
Calculate the remainder when 78385 is divided by 164.
157
What is the remainder when 3260 is divided by 5?
0
Calculate the remainder when 485223 is divided by 463.
462
What is the remainder when 3736 is divided by 607?
94
Calculate the remainder when 9964 is divided by 28.
24
Calculate the remainder when 1237 is divided by 409.
10
What is the remainder when 262008 is divided by 95?
93
What is the remainder when 65052 is divided by 10842?
0
What is the remainder when 1175 is divided by 315?
230
Calculate the remainder when 1107 is divided by 1094.
13
Calculate the remainder when 63448 is divided by 94.
92
Calculate the remainder when 59252 is divided by 49.
11
What is the remainder when 298 is divided by 92?
22
What is the remainder when 93047 is divided by 4?
3
What is the remainder when 6508 is divided by 347?
262
Calculate the remainder when 9058 is divided by 27.
13
Calculate the remainder when 7277 is divided by 3199.
879
Calculate the remainder when 62555 is divided by 132.
119
Calculate the remainder when 2689 is divided by 156.
37
What is the remainder when 260724 is divided by 872?
868
What is the remainder when 359 is divided by 64?
39
Calculate the remainder when 107130 is divided by 26782.
2
Calculate the remainder when 15410 is divided by 7636.
138
What is the remainder when 218418 is divided by 109200?
18
Calculate the remainder when 3542 is divided by 173.
82
Calculate the remainder when 208317 is divided by 4.
1
What is the remainder when 554609 is divided by 30?
29
What is the remainder when 44313 is divided by 50?
13
Calculate the remainder when 190 is divided by 37.
5
What is the remainder when 8913 is divided by 537?
321
Calculate the remainder when 581 is divided by 77.
42
Calculate the remainder when 11154 is divided by 587.
1
Calculate the remainder when 415941 is divided by 73.
60
What is the remainder when 30568 is divided by 1092?
1084
Calculate the remainder when 89555 is divided by 439.
438
Calculate the remainder when 12256 is divided by 4034.
154
Calculate the remainder when 10354 is divided by 17.
1
Calculate the remainder when 228 is divided by 201.
27
What is the remainder when 2398 is divided by 2368?
30
Calculate the remainder when 4021 is divided by 107.
62
Calculate the remainder when 5215 is divided by 588.
511
Calculate the remainder when 33105 is divided by 11003.
96
Calculate the remainder when 98749 is divided by 107.
95
What is the remainder when 115 is divided by 85?
30
Calculate the remainder when 125094 is divided by 62547.
0
Calculate the remainder when 710 is divided by 72.
62
What is the remainder when 190183 is divided by 494?
487
Calculate the remainder when 2146 is divided by 571.
433
What is the remainder when 1604 is divided by 497?
113
What is the remainder when 4707 is divided by 165?
87
Calculate the remainder when 1119 is divided by 51.
48
What is the remainder when 637 is divided by 88?
21
What is the remainder when 34196 is divided by 26?
6
What is the remainder when 21002 is divided by 60?
2
What is the remainder when 680 is divided by 430?
250
What is the remainder when 5547958 is divided by 108?
106
Calculate the remainder when 2301 is divided by 143.
13
What is the remainder when 39899 is divided by 1108?
11
What is the remainder when 27753 is divided by 13689?
375
What is the remainder when 4221 is divided by 311?
178
Calculate the remainder when 112421 is divided by 25.
21
Calculate the remainder when 99079 is divided by 18.
7
Calculate the remainder when 305429 is divided by 30.
29
Calculate the remainder when 1458 is divided by 682.
94
Calculate the remainder when 24455 is divided by 1630.
5
Calculate the remainder when 49665 is divided by 62.
3
What is the remainder when 8053 is divided by 120?
13
What is the remainder when 6872 is divided by 160?
152
Calculate the remainder when 1252791 is divided by 178970.
1
What is the remainder when 24777 is divided by 242?
93
What is the remainder when 44866 is divided by 71?
65
What is the remainder when 8154 is divided by 194?
6
What is the remainder when 30869 is divided by 137?
44
What is the remainder when 24338 is divided by 11?
6
What is the remainder when 501996 is divided by 35?
26
What is the remainder when 146058 is divided by 121?
11
What is the remainder when 16698 is divided by 232?
226
What is the remainder when 2351 is divided by 230?
51
What is the remainder when 309 is divided by